{"id":21,"date":"2014-12-02T12:07:53","date_gmt":"2014-12-02T12:07:53","guid":{"rendered":"http:\/\/www.elfriede-boehler.at\/?page_id=21"},"modified":"2025-09-12T07:36:37","modified_gmt":"2025-09-12T07:36:37","slug":"impressum","status":"publish","type":"page","link":"https:\/\/www.elfriede-boehler.at\/?page_id=21","title":{"rendered":"Impressum"},"content":{"rendered":"<h6>Medieninhaber und Herausgeber:<\/h6>\n<p>Elfriede K B\u00f6hler MA<\/p>\n<h6>Anschrift:<\/h6>\n<p>Kapellenstr. 13<br \/>\n6858 Schwarzach<br \/>\n\u00d6sterreich<\/p>\n<h6>Kontakt:<\/h6>\n<p>Telefon: +43 (0)650 62 55 82 7<br \/>\nE-Mail: elfriede.boehler@vol.at<br \/>\nWeb: www.elfriede-boehler.at<\/p>\n<h6>Beh\u00f6rde gem. ECG (E-Commerce Gesetz):<\/h6>\n<p>Bezirkshauptmannschaft Dornbirn<br \/>\n6850 Dornbirn<\/p>\n<h6>Informationen gem. \u00a7 5 E-Commerce-Gesetz (ECG):<\/h6>\n<p>Wirtschaftskammer \u00d6sterreich<br \/>\nInformationen zum Unternehmen. lt. \u00a7 5 ECG<\/p>\n<p>Bildrechte:<\/p>\n<p>Elfriede B\u00f6hler made by Nina Br\u00f6ll<\/p>\n","protected":false},"excerpt":{"rendered":"<p>Medieninhaber und Herausgeber: Elfriede K B\u00f6hler MA Anschrift: Kapellenstr. 13 6858 Schwarzach \u00d6sterreich Kontakt: Telefon: +43 (0)650 62 55 82 7 E-Mail: elfriede.boehler@vol.at Web: www.elfriede-boehler.at Beh\u00f6rde gem. ECG (E-Commerce Gesetz): Bezirkshauptmannschaft Dornbirn 6850 Dornbirn Informationen gem. \u00a7 5 E-Commerce-Gesetz (ECG): Wirtschaftskammer \u00d6sterreich Informationen zum Unternehmen. lt. \u00a7 5 ECG Bildrechte: Elfriede B\u00f6hler made by Nina [&hellip;]<\/p>\n","protected":false},"author":1,"featured_media":0,"parent":0,"menu_order":0,"comment_status":"closed","ping_status":"closed","template":"template-full-width.php","meta":{"footnotes":""},"class_list":["post-21","page","type-page","status-publish","hentry"],"_links":{"self":[{"href":"https:\/\/www.elfriede-boehler.at\/index.php?rest_route=\/wp\/v2\/pages\/21","targetHints":{"allow":["GET"]}}],"collection":[{"href":"https:\/\/www.elfriede-boehler.at\/index.php?rest_route=\/wp\/v2\/pages"}],"about":[{"href":"https:\/\/www.elfriede-boehler.at\/index.php?rest_route=\/wp\/v2\/types\/page"}],"author":[{"embeddable":true,"href":"https:\/\/www.elfriede-boehler.at\/index.php?rest_route=\/wp\/v2\/users\/1"}],"replies":[{"embeddable":true,"href":"https:\/\/www.elfriede-boehler.at\/index.php?rest_route=%2Fwp%2Fv2%2Fcomments&post=21"}],"version-history":[{"count":3,"href":"https:\/\/www.elfriede-boehler.at\/index.php?rest_route=\/wp\/v2\/pages\/21\/revisions"}],"predecessor-version":[{"id":134,"href":"https:\/\/www.elfriede-boehler.at\/index.php?rest_route=\/wp\/v2\/pages\/21\/revisions\/134"}],"wp:attachment":[{"href":"https:\/\/www.elfriede-boehler.at\/index.php?rest_route=%2Fwp%2Fv2%2Fmedia&parent=21"}],"curies":[{"name":"wp","href":"https:\/\/api.w.org\/{rel}","templated":true}]}}

<h6>Medieninhaber und Herausgeber:</h6>
<p>Elfriede K Böhler MA</p>
<h6>Anschrift:</h6>
<p>Kapellenstr. 13<br />
6858 Schwarzach<br />
Österreich</p>
<h6>Kontakt:</h6>
<p>Telefon: +43 (0)650 62 55 82 7<br />
E-Mail: elfriede.boehler@vol.at<br />
Web: www.elfriede-boehler.at</p>
<h6>Behörde gem. ECG (E-Commerce Gesetz):</h6>
<p>Bezirkshauptmannschaft Dornbirn<br />
6850 Dornbirn</p>
<h6>Informationen gem. § 5 E-Commerce-Gesetz (ECG):</h6>
<p>Wirtschaftskammer Österreich<br />
Informationen zum Unternehmen. lt. § 5 ECG</p>
<p>Bildrechte:</p>
<p>Elfriede Böhler made by Nina Bröll</p>

<p>Medieninhaber und Herausgeber: Elfriede K Böhler MA Anschrift: Kapellenstr. 13 6858 Schwarzach Österreich Kontakt: Telefon: +43 (0)650 62 55 82 7 E-Mail: elfriede.boehler@vol.at Web: www.elfriede-boehler.at Behörde gem. ECG (E-Commerce Gesetz): Bezirkshauptmannschaft Dornbirn 6850 Dornbirn Informationen gem. § 5 E-Commerce-Gesetz (ECG): Wirtschaftskammer Österreich Informationen zum Unternehmen. lt. § 5 ECG Bildrechte: Elfriede Böhler made by Nina [&hellip;]</p>
